s -795 - -808 - (1 + 9)?
3
What is -3 + -7 + -1 + 9 - 11?
-13
(-1 - -9) + -2 + (-8 - 0) + 12
10
Evaluate 27 + (-11 + -3 - -13) - 12.
14
-5 - 2 - (3 + (1 - (11 - 8)))
-8
What is (12 - (9 - -2)) + 14 + 0 + -4?
11
Evaluate 7 - ((-6 - 5) + (4 - -5)).
9
Calculate -6 + 11 + -1 + -1 + (-313 - -308).
-2
What is the value of 5 + (-5 + (-6 - -8 - -2) - -2)?
6
What is (-1 - (-12 + 4)) + -14 + 2?
-5
What is (-1 - 2) + 3 + -1 - 4?
-5
What is -2 - (17 + 23 + -23)?
-19
1 + -10 + (-2 - 20 - (-280 + 241))
8
What is (4 - (-18 + 27 + 3 + -12)) + -8?
-4
24 + -4 + ((9 - -4) + -9 - 3)
21
Evaluate -21 + (-4 - (-1 - 9)).
-15
What is the value of -16 + 0 + (28 - 24)?
-12
Calculate -6 + (6 - 17) + 29.
12
(-10 - (1 + -3)) + 3 - (2 + 9)
-16
48 + -48 + (-2 - -1) - (0 - -5)
-6
What is the value of 1 + -28 + (7 - 4 - (-4 - -1))?
-21
(29 - (9 - -36)) + 16
0
(-3 - -9) + (0 - -3) + -66 + 72
15
Evaluate 2 - (11 - 18) - -4.
13
What is (64 - 17 - 51) + (19 - 1)?
14
What is the value of -10 - ((-5 - -4) + -17)?
8
Calculate (-1 + 2 - (-26 - -33)) + (-7 - 2).
-15
Calculate -32 + 9 + -4 - (-10 + 0) - 2.
-19
What is the value of 1 + -10 + (-59 - -26) + 28?
-14
What is the value of -1842 + 1829 + (-1 - 1 - -52)?
37
Evaluate -2 + 5 + (5 - (7 - -1)) + -8.
-8
What is the value of (0 - 0) + 4 + 533 + -554?
-17
(-7 - -16) + -15 - -11 - (-6 - 15)
26
-51 - (33 + -33 + -27)
-24
What is the value of 0 + 45 - (-280 + 300)?
25
1 + 1 + (3 - (19 + -10)) - 6
-10
What is the value of 31 + -2 + (-241 - -222)?
10
What is 36 - (6 - (18 + -42))?
6
What is -3 + 4 + 5 + 4 + 2?
12
-9 - (-12 + 19 - 8)
-8
What is the value of (16 - 18) + 0 - -11?
9
What is (-2 - (40 + -22)) + 4?
-16
Calculate 1 + -29 - (95 - 141).
18
Evaluate 33 + (38 - 10) + -61.
0
What is 2 + -9 + 1 - (5 - -1)?
-12
Calculate 9 + 0 - (-28 + 44).
-7
Evaluate (4 + 4 - 17 - -7) + 1 + -2.
-3
What is -4 + 18 - 22 - (8 - (-1 + 4))?
-13
Calculate (0 - -6) + (-16 - (-1 + 13 - 7)).
-15
19 + -46 - -22 - 12
-17
Evaluate 16 + -2 + -5 + 10 + -9 - -10.
20
What is the value of -9 - (-12 + (13 - 7 - -3)) - -21?
15
What is -4 + 8 + 35 + -15 - 7?
17
What is 4 + (3 + -10 + -47 + 9 - -9)?
-32
What is (10 - (17 + -6)) + (-5 - (-4 + 7))?
-9
11 + 14 - 13 - 7 - 23
-18
(-3 - (-7 + (9 - 18) + 21)) + 3
-5
(-21 - -21) + ((-6 - -9) + -8 - -10)
5
What is 18 + 3 + 4 - (-6 - 1 - -7)?
25
(0 - 5 - (-11 - 5)) + 16
27
What is the value of 8 + (-36 - 11) + 1 + 15?
-23
-39 + 30 - (-14 + -14)
19
Evaluate (4 - 5) + (-2 - -1).
-2
What is (547 - 555) + (4 + -3 - 0 - 15)?
-22
4 - (-4 + 9) - (10 + -4) - -19
12
14 - (7 + (-9 - -5) + 8)
3
Calculate -37 + 2 - (0 - (-5 + (16 - 3))).
-27
Calculate (-4 - -26) + (-24 + 27 - 18).
7
8 + -8 + -1 + 6 + (-16 - -2)
-9
-6 - (1 + -16 + 5)
4
What is the value of -6 + 15 + (10 - (-3 - -11))?
11
-1 + -2 - (-22 - (-2 - 5) - -2)
10
Evaluate 13 + (3 - -7) + -4.
19
7 + 0 - 7 - -3 - (-8 - -7)
4
Calculate 0 + ((8 - (-6 + -12)) + 1 - 7).
20
Calculate (-7 - 12) + 16 + -29.
-32
What is (-12 - -10 - (-14 + 20)) + 10?
2
7 - (16 + -27 - ((-4 - -3) + -6))
11
What is the value of -2 + (5 - -2) + (-73 + 25 - -53)?
10
Calculate (15 - 27 - -8) + 0.
-4
13 + (-58 - -29) + -14
-30
What is 7 + 0 + (-218 - -217)?
6
What is -7 - 23 - -6 - -8?
-16
What is the value of -9 + (7 - (-24 + 28))?
-6
What is the value of -5 + -1 + 2 + 4 + 0 + 7?
7
What is the value of 41 + -52 - (-3 + 2 + 1 + 18)?
-29
-5 + (-9 - -1 - -7) + 3 + -2
-5
Calculate -15 - (-1 - -5) - (-70 + 69).
-18
11 + -4 - (5 + -7 + 5)
4
What is (-22 - 1) + (32 + -83 - -35)?
-39
Calculate 23 + -20 + 3 - (-8 + 21).
-7
Calculate (0 - 2 - (-14 + 20)) + 16 - 0.
8
What is 5 + -15 + (22 - 12) - -21?
21
What is 47 + -39 - (-4 - -27)?
-15
-34 - (-28 + (-4 - 33))
31
What is -33 - -19 - -10 - (5 - -1)?
-10
What is the value of -14 - -2 - (-51 - (-8 + 4))?
35
What is the value of 5 - (0 - -2 - (-14 - (-10 - 7)))?
6
Calculate (50 - 47) + (-6 - 8) + (35 - 1).
23
What is (3 - 15) + -7 + 17?
-2
What is (17 + -5 - -13) + -16 + -1?
8
6 - (-23 + (-14 - -44))
-1
Evaluate (6 - (-11 - -4 - -28)) + 4 + -10.
-21
What is (-2 - (6 + -1)) + (2 - -3) - 11?
-13
Calculate -1 + -2 - 0 - (62 + -175 - -76).
34
What is 10 + -15 + 8 + 10 + -4 + 5?
14
What is the value of 12 + -13 + -15 + (9 - -4)?
-3
Calculate 5 + 4 + (1 - -8 - 6) - 10.
2
What is -14 + (30 - (-28 - -42))?
2
Evaluate -3 + -16 - (-46 + 38).
-11
What is the value of 16 + -3 - (-8 - (-11 - 0))?
10
What is -15 + 11 - (-12 + 13 - -19)?
-24
(63 - 39) + (14 - 16)
22
Evaluate 8 - (8 - (-6 - (-1 - 3))) - 2.
-4
What is 47 - ((-1 - 1) + (104 - 102)) - 9?
38
What is the value of 28 + 3 + -58 + (-2 - 0) + 1?
-28
What is the value of -5 - (-5 + 8 + 2 - (14 + -9))?
-5
What is the value of -11 + 7 + 2 - 7 - -17?
8
Calculate (1 - 17) + 27 + -25.
-14
-7 + 1 + (-17 + 0 - (-22 + 10))
-11
Calculate -25 - (11 + (7 - (37 - 1 - 10))).
-17
Evaluate -21 + -21 + 21 + 10.
-11
8 - (-3 - (6 + -1 + -3))
13
What is the value of -6 + (10 - 1 - (-11 + (13 - 6)))?
7
Evaluate (5 + (-4 - -2) - 3) + -7.
-7
Evaluate (-79 - -80) + -2 + 2 + 6 - 0.
7
What is the value of (-42 - -20) + 10 - -18?
6
-8 + (19 + 1 - ((9 - 25) + 24))
4
What is 111 + -104 - (0 - 9) - (-6 - 2)?
24
Evaluate (-521 - -517) + 14 + 0.
10
Evaluate 9 - 4 - (-4 + 5 + 7) - -10.
7
What is (-1 - -4) + (6 - (-2 + 1) - 9)?
1
What is (-6 - 2) + (29 - 35 - -39)?
25
Calculate (-16 - -13) + (-9 - -2) - -2 - -17.
9
Calculate 2 + 2 + (-13 - (-30 - -20)).
1
What is -5 + -9 + 2 - -16?
4
-5 + -6 + (25 - 26) + (5 - -1)
-6
What is the value of 151 - 86 - (38 - -2)?
25
What is 5 + (-4 - -3) + (32 - 38)?
-2
What is (-4 - 3) + -3 - -2 - (-1 + -3)?
-4
Calculate (25 - (30 + -61)) + -27.
29
Evaluate 0 - ((2 - (-4 - -8)) + 7) - 6.
-11
(8 - 4) + 0 - -5 - (27 + -27)
9
What is the value of 10 + 0 + (29 + -1 - (68 - 66))?
36
7 - (-11 + 2 + (-18 - -10))
24
What is (-22 - (-14 - 27)) + -13?
6
What is 49 + (0 - 25) + -95 + 100?
29
What is 1225 + -1237 + 0 + (15 - 0)?
3
(6 + -3 - 6) + 13 + 1 + 0
11
Calculate -1 - (-12 + (0 - (-11 - (-4 + -7)))).
11
What is 54 - 44 - (-4 - (2 - 6 - 26))?
-16
Evaluate 73 - 23 - 46 - (-22 - 0).
26
What is (2 - 8) + (50 + -36 - (2 + -1))?
7
-720 - -693 - (3 - 11)
-19
112 + -94 + (-2 - 5)
11
-5 + (8 - (24 - 10)) + -7
-18
Evaluate -15 + (-3 - (12 - 28)).
-2
Calculate -18 + (18 - 10) + 3.
-7
1 + 5 + -46 + 8 + 19 + -21
-34
What is the value of 9 - 18 - (-5 - (-3 - -6))?
-1
Evaluate -15 + (-28 - -24) + 1.
-18
Calculate 2 - (1 - (-17 - -2) - (2 + 3)).
-9
-14 - -15 - (41 - 44)
4
What is the value of 11 + (-11 - -28 - 19)?
9
What is the value of 5 + -14 + 10 - -15?
16
Calculate (-24 + 9 - 21) + 35.
-1
Evaluate 30 + 44 + -66 - 2.
6
-1 - (-7 - (-9 - -13))
10
What is -24 + -11 + (13 - -3)?
-19
Calculate (-4 - -2) + -22 - -9.
-15
Evaluate 18 + (-3 - 19) + -18.
-22
Calculate 22 - (4 - 26) - (8 - -11).
25
34 - (12 + 31 - 14)
5
What is 7 + (-13 - (-6 + -6))?
6
What is 4 + 7 + (-12 - -2) + -9?
-8
What is the value of (-2 - -1) + -36 + 33 - -3?
-1
2 + -6 - ((-10 + 2 - 2) + 0)
6
Evaluate (-196 - -214 - (10 + 0)) + -1 + 3.
10
What is the value of 1 - (-5 + -4 - 8)?
18
(-3 - (-3 - (-16 + 7))) + 5 - -5
1
Calculate 14 + -19 + -10 + (-15 - (5 + -11)).
-24
Calculate 18 - (-37 - (-3 + -32)).
20
Calculate (10 - 12 - (10 + -6)) + 8.
2
4 - ((0 - 4 - -6) + 0)
2
What is the value of 4 - ((6 - (1 - -8)) + -1 - -7)?
1
Evaluate -1 + -13 + (10 - -26).
22
-4 - (18 + 11) - -23
-10
What is the value of 8 + -7 + -5 + -3 + 7?
0
(18 - -4 - 7) + -10
5
What is the value of -11 + -1 - (15 - -4 - 22) - 5?
-14
What is the value of 22 - (-1 + 31 + -13)?
5
What is 1 + 5 + (-8 + 8 - 6)?
0
Evaluate 21 + (-40 - (32 - 49)).
-2
Evaluate (0 - (12 - 0 - 28)) + -14.
2
((8 - 39) + 29 - (-2 + 0)) + 8
8
Calculate 4 + 20 + -19 + 20.
25
What is -20 + (10 - 10) + 13 - (-1 - 6)?
0
What is 102 - 98 - ((-3 - 8) + -5)?
20
What is the value of 91 - 82 - (8 - -3)?
-2
(-15 - (12 + -36)) + -4
5
Calculate -15 - (7 - 22) - -12.
12
Evaluate 2 + -5 + (7 - 1 - (12 + -11)).
2
Evaluate -5 + (-2 - -2 - (9 + -12)) + -4.
-6
What is (-445 - -453) + (-2 - -2 - (-1 - -29))?
-20
What is -11 + (-17 - -5) + 18 + 2?
-3
What is 4 + (-12 + -1 - -14)?
5
Calculate 13 + (-11 - (-24 + 14)).
12
What is (-12 - (5 + -13)) + (8 - 2) - -2?
4
What is (2 - (0 - 1)) + -424 + 409?
-12
Calculate -11 - ((17 - 12) + 2) - 13.
-31
(-7 + 15 - 0) + (0 - 2) - 0
6
